5)?
-1
Let t(o) = 5*o + 2. Let y(p) = -14*p - 6. Let m(g) = 11*t(g) + 4*y(g). Let v(i) = 4*i**2 + 10*i - 1. Let l be v(-3). Calculate m(l).
-7
Let z(g) = -g**2 + 10*g + 5. Let n(d) = 2*d**2 - 11*d - 6. Let j(q) = 2*n(q) + 3*z(q). Calculate j(-6).
-9
Let z(c) = c**2 - c. Let y(k) = -k**3 + 12*k**2 - 10*k - 3. Let v(g) = y(g) - 5*z(g). What is v(6)?
3
Suppose z + 3 = 2*z. Let g(n) be the first derivative of n**4/24 - 2*n**3/3 - n**2/2 - 4. Let j(w) be the second derivative of g(w). What is j(z)?
-1
Let y(w) = -2 + 1 - 361*w + 360*w + 3. Determine y(5).
-3
Let f(q) be the second derivative of 0*q**3 - 1/2*q**2 + 0 - 1/4*q**5 + 1/12*q**4 + 7*q. What is f(1)?
-5
Let j(h) be the second derivative of -h**7/2520 + h**6/120 - 7*h**5/120 + h**4/12 - 2*h. Let s(w) be the third derivative of j(w). Calculate s(6).
-7
Let r(k) = k**3 + 2*k**2 - 3*k. Let t be (15/6 + -2)*-6. Determine r(t).
0
Suppose -4*c - 4*x - 6 = -3*x, -x = -2*c - 6. Let t(i) be the second derivative of -1/20*i**5 - 1/3*i**3 - 1/2*i**2 + 0 - 1/12*i**4 - 2*i. What is t(c)?
7
Suppose -5*d = 3*h + 17, -5*h + 2*d = 2 + 47. Let w be (h/12)/((-1)/(-4)). Let t(g) = 4 - 4 + g + 3. Give t(w).
0
Let k(x) be the third derivative of -x**6/120 + x**5/10 + 7*x**4/24 + x**3/3 + 5*x**2. What is k(7)?
2
Let d(m) be the third derivative of -m**4/4 + m**3/6 - 7*m**2. Suppose -n + 5 - 4 = 0. What is d(n)?
-5
Let t(l) be the first derivative of -l**6/360 + l**5/24 + 7*l**4/24 + 7*l**3/3 - 6. Let d(g) be the third derivative of t(g). Determine d(6).
1
Suppose 3*w = 3*a - 2*a + 20, -w = -5. Let t(m) = 4*m - 8*m + 3*m + 2 + 2*m. Determine t(a).
-3
Let k(v) = v + 11. Let o(l) = -l**3 + 8*l**2 + 8*l. Let i be o(9). Determine k(i).
2
Let y(x) = 7 + 2*x + 3*x - 3*x. Suppose -3*f + 0 = 15. Give y(f).
-3
Let t(x) = x**2 - 6*x + 6. Let c(a) = a**2 + 12*a + 7. Let z be c(-12). What is t(z)?
13
Let m(c) = -c**2 + 6*c - 3. Suppose 4*x - 17*x + 78 = 0. Give m(x).
-3
Let z = -5 + 7. Let f be 2/(-2)*0/z. Let r(l) = -l - 6. Determine r(f).
-6
Let c(f) = f + 2*f**2 + 3 - 4 - 3*f**2. Let t(m) = 3*m**3 - m**2 + 2*m - 3. Let q(i) = -3*c(i) + t(i). Suppose 6*b = 2*b + 4. What is q(b)?
4
Let u(p) = 11*p**2 + p. Let k be (-2 - 1)*(-5)/(-15). Determine u(k).
10
Let d(r) = r**2 - 7*r + 8. Suppose 2*w - 5*i - 2 = 0, -2*w = 2*i + 2*i + 34. Let p = -3 - w. What is d(p)?
2
Let s = -46 - -42. Let c(b) = b**3 + 3*b**2 - 6*b - 1. Determine c(s).
7
Let y(i) be the second derivative of -3*i**5/5 + i**4/12 - i**2/2 - 40*i. Suppose -x + 3*x - 5 = 5*w, 4*x = 0. Calculate y(w).
12
Let v(t) be the second derivative of -t**3/6 - 7*t**2/2 - 12*t. Give v(-6).
-1
Let s(p) = -p**2 - 4*p + 4. Let x be s(-4). Let v(f) = 2*f - 6. Let k be v(x). Let l(g) = -6 + 3*g + g**2 + 4*g**k - 4*g**2 + 0*g**2. Determine l(-5).
4
Let n(q) = -q**3 - 2*q**2 + q. Let d = 1 - 5. Let w be (d/(-3))/(4/6). Let h = w - 4. What is n(h)?
-2
Let h(c) be the first derivative of -c**4/12 - c**3/6 + 2*c**2 + 1. Let l(a) be the second derivative of h(a). Let d(u) = 2*u + 2. Let w be d(-3). What is l(w)?
7
Let t be 0 - -1 - (-4)/(-4). Let i be 0 - (-6 + (t - -3)). Suppose i*x + 2*x = 5*o + 5, o + 10 = -2*x. Let c(u) = u**2 + 4*u - 4. What is c(o)?
-4
Suppose 4*v = 3*v + 4. Let p(x) = -5*x + 3*x - v*x + 1 + 5*x. Suppose c + 4*q = -1, -c + 1 = 3*q + 3. Give p(c).
6
Let v(o) = -2*o**2 - 8*o - 1. Let m(g) = -2*g**3 - 2*g**2 + 2*g + 2. Let f be m(-2). Let n(p) = 4*p**2 + 17*p + 2. Let u(x) = f*n(x) + 13*v(x). What is u(-2)?
-5
Let z(d) = -15*d + d**3 + d**2 - 4*d**2 + 16*d. Give z(1).
-1
Let p = 5 - 4. Let b(a) = 4*a**3 + 2*a - 1. What is b(p)?
5
Suppose 4*m + 0*m - 32 = 0. Let s(f) = 2*f - 3. Let g be s(m). Suppose -n + g = -4*i, -2 = -4*i - 2*n - 0. Let j(v) = v. What is j(i)?
-2
Let p(c) = 1 - 4*c + 1 + c + c. Calculate p(4).
-6
Let s be (18/36)/((-1)/2). Let v(d) = 7*d - 1. Give v(s).
-8
Let f be (30/24)/((-1)/4). Let y(q) = -q**3 - q**2 - q. Let t(i) = 4*i**3 + i**2 + 12*i + 5. Let a(c) = t(c) + 5*y(c). What is a(f)?
-5
Let z(m) = m**3 + m**2 + 1. Let a be z(0). Let w(k) = 5*k + 0*k**2 - k**2 - 4*k. Let j(r) = -4*r**2 - 1. Let o(c) = -j(c) - 2*w(c). Calculate o(a).
5
Let d(m) = m**3 - 5*m**2 - 5*m + 1. Let f be d(6). Let o(b) = 3 + 3 + 3 - 4 + 7*b - b**2. Let w be o(f). Let s(i) = i**3 - 6*i**2 + 6*i + 3. Determine s(w).
8
Let u(c) = c**2 - 11*c + 8. Let q = -72 - -79. Calculate u(q).
-20
Let q = 0 + -3. Suppose -2*j - 2*j + 2*c = 24, -4*j + 3*c = 28. Let r be (-2)/(-8) + q/j. Let k(v) = 5*v**2 - 2*v + 1. What is k(r)?
4
Suppose s - 6 = 4*s. Let a = 4 + s. Let n(i) = 7*i - 3. What is n(a)?
11
Let n(w) be the first derivative of -w**5/20 + w**4/24 - w**3/3 + 2. Let x(s) be the third derivative of n(s). Calculate x(1).
-5
Let i(a) = -a - 1. Let r(g) = -g - 4. Suppose -4*w = -2*w - 2*t - 18, -5*t = w + 21. Let o(j) = w*i(j) - 2*r(j). Determine o(5).
-6
Let m(o) be the first derivative of o**2 + 0*o - 4 - 1/3*o**3. Give m(3).
-3
Let u(v) = 15 + v**2 + 2*v - 2*v**2 - 10. Determine u(6).
-19
Let l(v) be the third derivative of 5/6*v**3 + 0 + 3*v**2 + 0*v - 1/8*v**4. Calculate l(4).
-7
Suppose 4*v = -8*v + 36. Let q(d) = -d**3 + 3*d**2 - 4*d - 1. What is q(v)?
-13
Let d(k) = k**2 + 4*k + 3. Suppose 4*l - 5 = -17. Determine d(l).
0
Let z = 17 + -13. Suppose 0*o = -5*o. Let h(r) = r + o - 1 + 2. Determine h(z).
5
Suppose 3*m - 34 = -0*m + 5*h, -2*m - 3*h - 9 = 0. Let r(t) be the second derivative of 1/2*t**2 + 0 + 1/6*t**m + 2*t. Give r(-2).
-1
Suppose 0 = y - 4*y - 18. Let z(b) = b**3 + 7*b**2 + 8*b + 7. Determine z(y).
-5
Let v = -122 - -126. Let c(u) be the second derivative of 1/20*u**5 - 5/2*u**2 + 1/4*u**v - 4*u - u**3 + 0. Calculate c(-4).
3
Let m(a) = -a**2 - 6*a - 6. Let r be m(-4). Let n(x) = 3 + 0 - 4 - x**r + x. Give n(2).
-3
Suppose -3*n - 2*n = -5*r, 4*r = 5*n. Suppose 3*l + 2*l - 15 = r. Let z(q) = -6*q**3 + 2*q**l + 2*q - q + q**2. What is z(-1)?
4
Let o be -3*((2 - -1) + -6). Let p(t) = t**2 - 10*t + 12. What is p(o)?
3
Let f(u) = 3 - 3*u**2 - u - u**2 + 3*u**2. Suppose 8 - 3 = 5*b. Let m be 9/b*(-1)/3. Calculate f(m).
-3
Suppose 0 = -2*k + 4*k - 4. Let j(z) = 2*z**2 - 4*z + 2. Determine j(k).
2
Let l = -17 - -15. Let c(z) be the third derivative of -z**5/20 - z**4/12 - z**3/3 + 2*z**2. Determine c(l).
-10
Suppose 0 = a + 5*c - 17, -1 = 2*a - 4*c - 7. Suppose a = -3*g - 5*q - 7, 3*g - 5*q = -4. Let v(j) = 4*j - 2. Determine v(g).
-14
Let y(m) = 11*m**3 - 4*m**2 + 3*m + 1. Let h(s) = 6*s**3 - 2*s**2 + 2*s + 1. Let j(g) = 5*h(g) - 3*y(g). What is j(2)?
-12
Let u = 2 - -1. Let v(i) = -u + i**2 - 5*i - 4*i**2 + 3*i**2 - i**2. Determine v(-4).
1
Let f be 2 - 6/(-8)*8/(-1). Let z(n) = n**3 + 4*n**2 + 5*n - 3. What is z(f)?
-23
Let x be (-2)/(1 + (2 - 1)). Let d be ((-5)/(-6))/((-2)/(-12)). Let s(o) = -o**2 + d*o + 1 - 3*o + 3*o**2 + 0*o. Determine s(x).
1
Let b(j) = -6*j**3 + j + 2. Let t(x) = 7*x**3 + x**2 - 2*x - 3. Let c be 5 + -5 + (1 - -2). Let u(h) = c*b(h) + 2*t(h). Calculate u(1).
-3
Let o(h) be the first derivative of h**4/4 - 8*h**3/3 + 7*h**2/2 + 3*h - 5. Calculate o(7).
3
Let f(p) = -p**3 - 6*p**2 - 5*p. Let k be f(-5). Let c(w) = w**2 - w + 5. Calculate c(k).
5
Suppose -2*r - 1 - 3 = -3*q, 5*q = -4*r - 30. Let s = -5 - -7. Let h(c) = 2*c**s - c - c**2 + 6*c - 5. What is h(r)?
-5
Let k(f) = -4*f**2 + f + 1. Let w(m) = m**2 + 2*m - 1. Let y be w(-2). Let i be k(y). Let v(z) = z - 2. Calculate v(i).
-6
Let u(a) = -5*a - 3. Let g be u(-2). Let l(r) = -r**2 + 7*r - 1. What is l(g)?
-1
Suppose -i = 6 - 3. Let a(t) be the second derivative of t**3/6 - t**2/2 - 2*t. What is a(i)?
-4
Let r = -12 - -14. Let m(a) = -2 + a - 2 + 3 + r. Calculate m(1).
2
Let d(g) = -4*g - g + g - 5 - 5*g**2 - 3*g + g**3. Let f(k) = k**3 - k**2 + 2*k - 2. Let j be f(2). Give d(j).
-11
Let a(z) = -z**2 - 4*z - 1. Let v be a(-3). Suppose -v*f + 3 + 1 = 0. Let h(m) = 0*m**2 - 5 - 2*m**2 + 0*m**f + 4 - 4*m. Determine h(-3).
-7
Let f(j) be the second derivative of j**3/3 + 2*j**2 + 20*j. Suppose 5*u = 4 - 24. Calculate f(u).
-4
Let t(p) be the third derivative of -1/3*p**4 - p**2 + 0*p + 5/6*p**3 + 0 + 1/60*p**5. Give t(4).
-11
Let p(j) = 5*j**3 + 2*j**2 + j. Let a(c) = 3*c + 4 - 2*c - 2*c. Let s be (20/8 + -2)*10. Let b be a(s). Determine p(b).
-4
Let b(v) = -8*v + 7. Let x(f) = 7*f - 6. Let h(l) =